 -195) + (-1 - 48)?
-21
Evaluate 1 + -1 - (-4 + 3) - -1 - 3.
-1
What is the value of (-12 - (-50 - -30)) + -20 + -3?
-15
21 + -9 + -25 + 4
-9
Calculate 13 + -12 + 20 - 13.
8
Evaluate -7 + 2 + 14 + 4 + 6 + 4.
23
23 + (20 + -50 - -22)
15
1245 + -1272 + 1 + -9
-35
-3 + 0 + -7 + 6 + 5 - -6
7
What is (-97 - -78 - (-8 - 2)) + (2 - -4)?
-3
Evaluate 1 - 11 - -1 - (-62 + 73 + -47).
27
Calculate -4 + (-18 - -14) + -3 - (-1 - 6).
-4
Calculate (-31 - -39) + (3 - 2) + 6.
15
(10 + -6 + 13 - (-14 - -22)) + -11
-2
-11 - (-1 - (-6 - (4 + -8)))
-12
What is -26 - (-30 + 5) - (0 - 17)?
16
Evaluate 3 - 3 - (13 + -5 + (17 - 14)).
-11
-11 + (-24 + 58 - 20)
3
What is the value of 8 + (6 - 2) + -2?
10
Calculate -36 + (1 - -17) + 23.
5
Evaluate 6 + 2 + -1 + 24 + -19.
12
-8 + (5 + 1 - ((-14 - -19) + -20))
13
Evaluate -1161 + 1135 + (5 - -1).
-20
What is -7 + -11 - (17 + -47)?
12
Evaluate 11 + 11 + (-5 + 6 - (7 - 5)).
21
Evaluate -2 - (2 + (-7 - -6) + 2) - 11.
-16
What is the value of 0 + (-6 - (7 + (1 - (-5 + 14))))?
-5
What is -2 + 1 + -11 + -5 + 0?
-17
Evaluate -1 + -16 - (-22 - -8).
-3
Calculate -21 - (-3 - 1) - (144 + -151).
-10
What is the value of 1 - (0 - 2) - (55 + -54)?
2
Calculate (8 - -7) + 46 + -46.
15
What is -6 - (1 + 0 + -16 + 10 + 4)?
-5
What is the value of -5 + 1 - -8 - (1 - -17)?
-14
(1 + -1 - -6) + (-4190 - -4173)
-11
Calculate (0 - -27) + (-14 - -3).
16
1 + 10 + 114 + -122
3
Evaluate (-18 - -9) + (-6 - -9).
-6
Calculate -14 + 18 - (59 + -34).
-21
What is (-36 + 0 - (9 - 16 - -2)) + 10?
-21
Evaluate -8 + (13 - -13) - (2 + (6 - 2)).
12
-181 + 185 - ((1 - 1) + 12 + -3)
-5
Evaluate 1 - ((-2 - 13) + 27).
-11
(-4 - -12 - 5) + 3 - (-10 - 4)
20
What is -1 + -10 + (3 - -17) - -1?
10
Evaluate -4 - -1 - -3 - 2 - (70 - 74).
2
Evaluate (-16 - (11 + -34)) + (-27 - -6 - -3).
-11
What is 8 + -1 - (-47 + 76 + -22)?
0
Evaluate 13 - (4 + -24 + 13 + 4 + -1).
17
What is the value of -17 + 1 + 27 + -16 + -18 + 2?
-21
What is -12 + 5 + 18 - 9?
2
What is the value of (-1 + -5 - -2) + 11 + -26 + 4?
-15
-16 + 1 + (-57 - -56)
-16
Calculate -27 + 19 - (0 + -11).
3
What is (54 + -27 - (8 - 1) - 4) + -4?
12
What is the value of -2 - (-3 + 0 + -3 + (22 - 7))?
-11
Calculate -4 - (3 + 3 - 11) - (-6 - -7).
0
23 + -7 + -12 + -2 + (-2 - 0)
0
What is 1 + -16 + 3 + (99 - 118)?
-31
(6 - (3 + -9 + 13 - 8)) + -21
-14
What is the value of -19 + (12 - -9 - 4)?
-2
(-24 - (-1 + 1)) + -1 - (-332 - -328)
-21
Evaluate 6 + -1 + (38 - 65).
-22
Evaluate (75 - 39) + -65 + (-3 - 5).
-37
What is the value of 17 + (4 - 3) - (2 - (-3 - 4))?
9
Evaluate -22 + -9 - (2 + 13 + -6 + -15).
-25
What is 10 + (3 - (-1 + 1)) - (-75 - -72)?
16
Calculate 36 + (66 + -79 - (-1 + -1)).
25
(1 - (0 + -17) - -4) + -122 + 116
16
Calculate 8 - -1 - (-10 - (-11 + -2)).
6
What is the value of (16 - 17) + 13 - 19?
-7
(-2 - ((1 - 1) + -1)) + (-1537 - -1542)
4
Calculate 5 + (1 + -15 + -14 - -1).
-22
277 + -279 - (0 + -6)
4
-2 - (-4 - (-4 + -9)) - (5 + 6)
-22
Evaluate -4 - (-10 - ((3 - -4) + -14)).
-1
Calculate (-59 - -62) + (-1 + 3 - (1 - 14)).
18
-16 + -17 + 15 + 20
2
Evaluate 11 + (-25 - (13 - 20)).
-7
Evaluate (2 - -4) + -9 + 13.
10
Calculate (-23 - -19) + -1 + 5 - 6.
-6
Calculate -1 + -46 - -39 - (2 + -14 + -2).
6
Calculate -7 + 0 - -7 - 2.
-2
What is (-24 - -1) + (-14 - -6 - -1) + 6?
-24
Evaluate 10 + 0 + 363 + -370.
3
What is the value of 10 - (-24 + 11 + 22 + -15)?
16
Evaluate -2 - (-17 - (-3 + -12)).
0
Calculate -1 - (3 + -7) - (4 + -13).
12
7 + -11 + (0 - -7 - -10) + -8
5
What is (2 - 0) + (-10 + 10 - -5 - 0)?
7
What is the value of (-13 - (14 - 7 - 1)) + (5 - -1)?
-13
Calculate (1 - 1) + (-6 - 11) + 9 + 20.
12
What is 1 + 12 + -2 + (6 - 8) - 40?
-31
What is 1 - -8 - ((12 - 1 - 2) + -12)?
12
(6 - -24) + -6 + (8 - 19)
13
Evaluate 21 + 28 + (-51 - -23).
21
What is 2 + -11 + -1 + (5 - -9) + -15?
-11
What is the value of 7 - (8 + 1 + 7 - 7)?
-2
Calculate (1 - -4) + -1 + (-31 - (-40 - -14)).
-1
2 - (0 + 2) - -3 - (197 - 192)
-2
Calculate -6 + 4 + -39 + (-1 + 6 - 1).
-37
Evaluate -3 - -2 - (-3 - 9).
11
14 + 1 + -9 + (3 - 5)
4
What is 1 + -9 + (-32 - -58) + 12?
30
Evaluate 21 + (28 - 68) - -24.
5
7 - (7 - 2) - 0 - (-39 - -32)
9
What is 8 + (-15 - (-16 + 2 - -5)) + 4?
6
Calculate (-1 + 22 - -2) + (-45 - -35).
13
Evaluate (-2 - (20 + -14)) + 18 + -43.
-33
What is 18 + (-37 - 2) + 25?
4
Calculate 22 + (19 + -8 + -8 - (1 + 8)).
16
What is -9 - -32 - (1 - (2 + (-12 - -7)))?
19
What is 26 - (5 - -7) - (2 + 8 + 1)?
3
Calculate (11 - (1 + (7 - 0))) + 8.
11
Calculate 14 + (13 - (1 - -13)).
13
What is -34 + 76 + -39 - (-21 - -1 - -1)?
22
-750 + 727 - (-34 - 2)
13
Evaluate (3 - -21) + (-27 - 16) + 42.
23
-10 + 39 + (-21 - -3)
11
What is (-1 - 8) + 19 - 3?
7
What is -19 - (-13 + 10 - 16)?
0
What is -7 + -2 - (4 + 7 - 6)?
-14
Evaluate -1 + 1 + (-11 - (-15 + 5 - 6)).
5
Evaluate 17 - (13 + 0) - -2.
6
Evaluate (3 - (11 - 3)) + (2 - (-1 + 8)).
-10
What is -8 + (-4 - 8 - -16)?
-4
Evaluate -2 + -1 + (-1 - (-4 + 15 + -8)).
-7
Calculate (89 - 155 - -66) + -11 + 1.
-10
Evaluate -9 - 1 - (18 + -20 + 14 + -9).
-13
10 + (136 + -147 - (0 - -6))
-7
Evaluate -16 + (-4 - -10) + (-7 - -6).
-11
What is the value of 203 + -158 - (40 + -9)?
14
Calculate (-28 - (3 - 14)) + (0 - -7).
-10
What is the value of (-5 - (6 - -19)) + 7?
-23
-15 - -3 - -2 - (82 + -78)
-14
Evaluate (1 - (-1 + 0)) + 3 + 7.
12
Calculate -4 + -6 - -1 - (13 + (5 - 11)).
-16
Evaluate (-98 - -121) + (-5 - 2).
16
Evaluate -5 - -2 - 2 - -4 - (7 - -6).
-14
-2 + 5 + 22 - (-43 + 34 + 1)
33
What is the value of (9 - 9) + (3 - 8) - 7?
-12
Evaluate (-36 - -22) + (0 - 1) + -1.
-16
What is the value of -14 + 1 + (-330 - -340)?
-3
What is -17 - (8 - 34 - -31)?
-22
Evaluate (9 - (26 - 15)) + 1 + 4.
3
What is -19 + 11 + 13 + -6 + -4?
-5
What is (1 - 1) + (-1 - (-4 + 2) - -3)?
4
(-183 - -193) + 3 + -21
-8
What is the value of -7 - -1 - (0 - (-9 + 7 + -8))?
-16
What is the value of -39 - 2 - 2 - (-237 + 229)?
-35
Calculate -51 - (-20 - -19) - (7 + -6 - 11).
-40
Evaluate (-7 + 16 + 2 - 18) + -7 + 0.
-14
Evaluate -12 - (-10 - 0) - -5.
3
Evaluate -6 - (-9 - ((-33 - -11) + 5)).
-14
What is the value of -8 + -14 + (15 - (2 - -7))?
-16
Calculate -7 + (0 - -5) + (-10 - -6) - -4.
-2
Evaluate (6 - 1) + (-7 - -13 - 0).
11
3 + (8 - 9) - -13 - 7
8
Calculate -12 - -1 - -12 - (-9 - -12).
-2
(-3 - (0 - 7)) + (6 - (-2 + -16))
28
-10 - (-11 + 17 - 46)
30
What is the value of -3 - (-32 - (7 + -11)) - 9?
16
What is the value of 1 + 26 + 19 + 3 + -27?
22
What is the value of (-21 - (-19 - -16)) + (-5 - -9)?
-14
What is 8 + 22 + -18 + (-8 - -1) + -26?
-21
What is the value of 3 - ((4 + -4 - -19) + -19 + 12)?
-9
What is the value of -17 + (13 - (-21 + -12)) - 11?
18
What is -19 - (-6 + 4) - -28?
11
3 - -7 - ((0 - 7) + -53 + 100)
-30
Calculate (259 - 234) + (22 - 13) + 0 + 1.
35
8 + (14 + -11 - (2 + -4) - 20)
-7
What is the value of -9 - -32 - (11 + (1 - 4))?
15
Evaluate -7 + (-32 - 22 - -30).
-31
What is the value of 0 + 5 + (0 + 8 - (9 - 4))?
8
What is the value of (3 - -9) + 14 + -20 - (3 - 0)?
3
What is 1 - -102 - 37 - 32?
34
Evaluate 57 + -69 + -1 + 24 + -10.
1
-1 + -2 - (-42 + 55)
-16
6 + -6 + -2 + 3
1
5 + -5 + -2 + 1 - (-14 - -12)
1
What is the value of 11 - 44 - (8 + -12)?
-29
(-4 - (3 + -5)) + 13 + 1 - -1
13
What is the value of -9 + 0 + (32 + -7 - -15) - 5?
26
What is -9 - ((6 - 10) + -5)?
0
Evaluate -1 + 9 + -8 - -1.
1
What is the value of 4 + -13 + -23 - (0 - 9)?
-23
Calculate 0 + -41 + 17 - -9.
-15
Evaluate 127 - 110 - (-3 - -2).
18
Evaluate -10 - (9 + -17 - -8).
-10
Calculate -26 + (21 - 8) + (-1 - -12) - -19.
17
Calculate -2 - (9 - ((5 - 13) + -7 + 10)).
-16
What is the value of (-2 + 6 - (34 + -27)) + 13 + -1?
9
Evaluate 17 + (23 - 37) - (-7 - (-1 + -1)).
8
Evaluate 0 - 6 - ((0 - 8 - 6) + -6).
14
What is (4 - (-11 + 2) - 7) + (-59 - -35)?
-18
Calculate -22 + 1 + -3 + 18.
-6
Calculate 5 - (-28 + 39) - 3.
-9
Evaluate (29 - 3) + -31 - 9.
-14
-9 - ((-32 - (-8 + 15)) + -6)
36
Calculate (-6 - -1) + (20 - 19) - 9.
-13
What is the value of -29 + (-14 - -23 - -7)?
-13
What is (1 - -1) + -18 + 12 + 13?
9
Evaluate 3 + (-4 + 25 - 11).
13
Evaluate -1 + 6 + -22 + 12.
-5
What is -15 - (0 + -1) - ((168 - 75) + -86)?
-21
21 + (-8 - (-1 + -9)) + -6
17
What is -23 - (-23 - (12 - -7))?
19
Evaluate 21 + 0 + -144 + 128.
5
Calculate